{"id":157,"date":"2021-02-16T11:50:14","date_gmt":"2021-02-16T11:50:14","guid":{"rendered":"https:\/\/escanturizm.com\/?page_id=157"},"modified":"2021-02-16T11:50:41","modified_gmt":"2021-02-16T11:50:41","slug":"ozel-nitelikli-kisisel-verilerin-korunmasi-ve-islenmesi-politikasi","status":"publish","type":"page","link":"https:\/\/escanturizm.com\/index.php\/ozel-nitelikli-kisisel-verilerin-korunmasi-ve-islenmesi-politikasi\/","title":{"rendered":"\u00d6ZEL N\u0130TEL\u0130KL\u0130 K\u0130\u015e\u0130SEL VER\u0130LER\u0130N KORUNMASI VE \u0130\u015eLENMES\u0130 POL\u0130T\u0130KASI"},"content":{"rendered":"<ol>\n<li><strong>KAPSAMI VE TANIMLAR<\/strong><\/li>\n<\/ol>\n<p>6698 Say\u0131l\u0131 Ki\u015fisel Verilerin Korunmas\u0131 Kanunu\u2019nun (\u201cKANUN\u201d) 6. maddesinde, hukuka ayk\u0131r\u0131 olarak i\u015flendi\u011finde ki\u015filerin ma\u011fduriyetine veya ayr\u0131mc\u0131l\u0131\u011fa sebep olma riski ta\u015f\u0131yan bir tak\u0131m ki\u015fisel veriler \u201c\u00d6ZEL N\u0130TEL\u0130KL\u0130 K\u0130\u015e\u0130SEL VER\u0130\u201d olarak belirlenmi\u015ftir. \u00d6zel nitelikli ki\u015fisel veriler; ki\u015filerin \u0131rk\u0131, etnik k\u00f6keni, siyasi d\u00fc\u015f\u00fcncesi, inanc\u0131, dini, mezhebi veya di\u011fer inan\u00e7lar\u0131, k\u0131l\u0131k ve k\u0131yafeti, dernek, vak\u0131f ya da sendika \u00fcyeli\u011fi, sa\u011fl\u0131\u011f\u0131, cinsel hayat\u0131, ceza mahk\u00fbmiyeti ve g\u00fcvenlik tedbirleriyle ilgili verileri ile biyometrik ve genetik verileri olmak \u00fczere Kanun\u2019da s\u0131n\u0131rl\u0131 say\u0131da belirlenmi\u015ftir.<\/p>\n<p>\u0130\u015fbu politika kapsam\u0131nda;<\/p>\n<ol>\n<li style=\"list-style-type: none;\">\n<ul>\n<li>\u201cES CAN TA\u015eIMACILIK\u201d ES CAN TA\u015eIMACILIK OTO K\u0130RALAMA \u0130N\u015eAAT VE GIDA SANAY\u0130 L\u0130M\u0130TED \u015e\u0130RKET\u0130\u2019 ni<\/li>\n<li>\u00a0\u201c\u0130LG\u0130L\u0130 K\u0130\u015e\u0130\u201d ki\u015fisel verisi i\u015flenen ger\u00e7ek ki\u015fiyi,<\/li>\n<li>\u201cKURUL\u201d Ki\u015fisel Verileri Koruma Kurulu\u2019nu,<\/li>\n<li>\u201c\u00c7ALI\u015eAN\u201d ES CAN TA\u015eIMACILIK personelini ifade eder.<\/li>\n<\/ul>\n<\/li>\n<li><strong>\u00d6ZEL N\u0130TEL\u0130KL\u0130 K\u0130\u015e\u0130SEL VER\u0130LER\u0130N \u0130\u015eLENMES\u0130<\/strong><\/li>\n<\/ol>\n<p>\u0130lgili Ki\u015fi a\u00e7\u0131s\u0131ndan korunmas\u0131 \u00e7e\u015fitli a\u00e7\u0131lardan kritik \u00f6nem te\u015fkil eden \u00f6zel nitelikli ki\u015fisel verilerin i\u015flenmesinde, ES CAN TA\u015eIMACILIK taraf\u0131ndan \u00f6zel hassasiyet g\u00f6sterilmektedir.<\/p>\n<p>\u00d6zel Nitelikli Ki\u015fisel Veriler, ES CAN TA\u015eIMACILIK taraf\u0131ndan, Kanun\u2019a uygun bir \u015fekilde, Kurul\u2019ca belirlenecek yeterli \u00f6nlemlerin al\u0131nmas\u0131 kayd\u0131yla, a\u015fa\u011f\u0131daki \u015fartlar\u0131n varl\u0131\u011f\u0131 halinde i\u015flenebilmektedir:<\/p>\n<ol>\n<li style=\"list-style-type: none;\">\n<ul>\n<li>Kanunun 6\/2 maddesi uyar\u0131nca \u0130lgili Ki\u015fi\u2019nin a\u00e7\u0131k r\u0131zas\u0131 var ise veya<\/li>\n<li>Kanunun 6\/3 maddesi uyar\u0131nca sa\u011fl\u0131k ve cinsel hayat d\u0131\u015f\u0131ndaki ki\u015fisel veriler, kanunlarda \u00f6ng\u00f6r\u00fclen h\u00e2llerde ilgili ki\u015finin a\u00e7\u0131k r\u0131zas\u0131 aranmaks\u0131z\u0131n i\u015flenebilir.<\/li>\n<\/ul>\n<\/li>\n<\/ol>\n<p>Sa\u011fl\u0131k ve cinsel hayata ili\u015fkin ki\u015fisel veriler ise ancak kamu sa\u011fl\u0131\u011f\u0131n\u0131n korunmas\u0131, koruyucu hekimlik, t\u0131bb\u00ee te\u015fhis, tedavi ve bak\u0131m hizmetlerinin y\u00fcr\u00fct\u00fclmesi, sa\u011fl\u0131k hizmetleri ile finansman\u0131n\u0131n planlanmas\u0131 ve y\u00f6netimi amac\u0131yla, s\u0131r saklama y\u00fck\u00fcml\u00fcl\u00fc\u011f\u00fc alt\u0131nda bulunan ki\u015filer veya yetkili kurum ve kurulu\u015flar taraf\u0131ndan ilgilinin a\u00e7\u0131k r\u0131zas\u0131 aranmaks\u0131z\u0131n i\u015flenebilir.<\/p>\n<p>&nbsp;<\/p>\n<ol>\n<li><strong>\u00d6ZEL N\u0130TEL\u0130KL\u0130 K\u0130\u015e\u0130SEL VER\u0130LER\u0130N \u0130\u015eLENMES\u0130NE \u0130L\u0130\u015eK\u0130N \u00d6NLEMLER<\/strong><\/li>\n<\/ol>\n<p>ES CAN TA\u015eIMACILIK, Kanun\u2019un 6. maddesinde yer alan, \u00d6zel Nitelikli Ki\u015fisel Veriler\u2019in i\u015flenmesinde, Kurul\u2019un 31.01.2018 Tarihli ve 2018\/10 Numaral\u0131 karar\u0131 uyar\u0131nca, veri sorumlusu s\u0131fat\u0131yla, a\u015fa\u011f\u0131da belirtilen \u00f6nlemleri almaktad\u0131r:<\/p>\n<ol>\n<li style=\"list-style-type: none;\">\n<ul>\n<li>\u00d6zel nitelikli ki\u015fisel verilerin g\u00fcvenli\u011fine y\u00f6nelik; sistemli, kurallar\u0131 net bir \u015fekilde belli, y\u00f6netilebilir ve s\u00fcrd\u00fcr\u00fclebilir i\u015fbu Politika belirlenmi\u015ftir.<\/li>\n<li>\u00d6zel nitelikli ki\u015fisel verilerin i\u015flenmesi s\u00fcre\u00e7lerinde yer alan \u00c7al\u0131\u015fanlara y\u00f6nelik;\n<ul>\n<li>Kanun ve buna ba\u011fl\u0131 y\u00f6netmelikler ile \u00d6zel Nitelikli Ki\u015fisel Veri g\u00fcvenli\u011fi konular\u0131nda d\u00fczenli olarak e\u011fitimler verilmektedir,<\/li>\n<li>Gizlilik s\u00f6zle\u015fmeleri yap\u0131lmaktad\u0131r,<\/li>\n<li>Verilere eri\u015fim yetkisine sahip kullan\u0131c\u0131lar\u0131n, yetki kapsamlar\u0131 ve s\u00fcreleri net olarak tan\u0131mlanmaktad\u0131r,<\/li>\n<li>Periyodik olarak yetki kontrolleri ger\u00e7ekle\u015ftirilmektedir,<\/li>\n<li>G\u00f6rev de\u011fi\u015fikli\u011fi olan ya da i\u015ften ayr\u0131lan \u00c7al\u0131\u015fanlar\u2019\u0131n bu alandaki yetkileri derhal kald\u0131r\u0131lmaktad\u0131r. Bu kapsamda, Veri Sorumlusu kendisine tahsis edilen envanteri iade almaktad\u0131r.<\/li>\n<\/ul>\n<\/li>\n<li>\u00d6zel nitelikli ki\u015fisel verilerin i\u015flendi\u011fi, muhafaza edildi\u011fi ve\/veya eri\u015fildi\u011fi ortamlar, elektronik ortam ise,\n<ul>\n<li>Ki\u015fisel Veriler \u00fczerinde ger\u00e7ekle\u015ftirilen t\u00fcm hareketlerin i\u015flem kay\u0131tlar\u0131 g\u00fcvenli olarak loglanmaktad\u0131r,<\/li>\n<li>Ki\u015fisel Veriler\u2019 in bulundu\u011fu ortamlara ait g\u00fcvenlik g\u00fcncellemelerinin s\u00fcrekli takip edilmektedir.<\/li>\n<li>Ki\u015fisel Verilere bir yaz\u0131l\u0131m arac\u0131l\u0131\u011f\u0131 ile eri\u015filiyorsa bu yaz\u0131l\u0131ma ait kullan\u0131c\u0131 yetkilendirmeleri yap\u0131lmakta, bu yaz\u0131l\u0131mlar\u0131n g\u00fcvenlik testleri d\u00fczenli olarak yap\u0131lmakta\/yapt\u0131r\u0131lmakta, test sonu\u00e7lar\u0131 kay\u0131t alt\u0131na al\u0131nmaktad\u0131r,<\/li>\n<\/ul>\n<\/li>\n<li>\u00d6zel nitelikli ki\u015fisel verilerin i\u015flendi\u011fi, muhafaza edildi\u011fi ve\/veya eri\u015fildi\u011fi ortamlar, fiziksel ortam ise;\n<ul>\n<li>\u00d6zel Nitelikli Ki\u015fisel Veriler\u2019 in bulundu\u011fu ortam\u0131n niteli\u011fine g\u00f6re yeterli g\u00fcvenlik \u00f6nlemleri (elektrik ka\u00e7a\u011f\u0131, yang\u0131n, su bask\u0131n\u0131, h\u0131rs\u0131zl\u0131k vb. durumlara kar\u015f\u0131) al\u0131nmaktad\u0131r,<\/li>\n<li>Bu ortamlar\u0131n fiziksel g\u00fcvenli\u011finin sa\u011flanarak yetkisiz giri\u015f \u00e7\u0131k\u0131\u015flar engellenmektedir.<\/li>\n<\/ul>\n<\/li>\n<li>\u00d6zel nitelikli ki\u015fisel veriler aktar\u0131lacaksa;\n<ul>\n<li>Ki\u015fisel Verilerin e-posta yoluyla aktar\u0131lmas\u0131 gerekiyorsa \u015fifreli olarak kurumsal e-posta adresiyle veya Kay\u0131tl\u0131 Elektronik Posta (KEP) hesab\u0131 kullan\u0131larak aktar\u0131lmaktad\u0131r,<\/li>\n<li>Ta\u015f\u0131nabilir Bellek, CD, DVD gibi ortamlar yoluyla aktar\u0131lmas\u0131 gerekiyorsa \u015fifrelenmekte ve farkl\u0131 ortamda tutulmaktad\u0131r,<\/li>\n<li>Ki\u015fisel Veriler\u2019 in k\u00e2\u011f\u0131t ortam\u0131 yoluyla aktar\u0131m\u0131 gerekiyorsa evrak\u0131n \u00e7al\u0131nmas\u0131, kaybolmas\u0131 ya da yetkisiz ki\u015filer taraf\u0131ndan g\u00f6r\u00fclmesi gibi risklere kar\u015f\u0131 gerekli \u00f6nlemler al\u0131nmakta ve evrak &#8220;Gizli\u201d formatta g\u00f6nderilmektedir.<\/li>\n<\/ul>\n<\/li>\n<li>Yukar\u0131da belirtilen \u00f6nlemlerin yan\u0131 s\u0131ra Ki\u015fisel Verileri Koruma Kurumu\u2019nun internet sitesinde yay\u0131mlanan Ki\u015fisel Veri G\u00fcvenli\u011fi Rehberinde belirtilen uygun g\u00fcvenlik d\u00fczeyini temin etmeye y\u00f6nelik teknik ve idari tedbirler de dikkate al\u0131nmal\u0131d\u0131r.<\/li>\n<\/ul>\n<\/li>\n<\/ol>\n<p>&nbsp;<\/p>\n<ol>\n<li><strong>\u00d6ZEL N\u0130TEL\u0130KL\u0130 K\u0130\u015e\u0130SEL VER\u0130LER\u0130N AKTARILMASI<\/strong><\/li>\n<\/ol>\n<p>ES CAN TA\u015eIMACILIK, hukuka uygun olarak elde etmi\u015f oldu\u011fu \u00d6zel Nitelikli Ki\u015fisel Verileri, veri i\u015fleme ama\u00e7lar\u0131 do\u011frultusunda, gerekli g\u00fcvenlik \u00f6nlemlerini alarak, \u0130lgili Ki\u015fi\u2019nin \u00d6zel Nitelikli Ki\u015fisel Verileri\u2019ni \u00fc\u00e7\u00fcnc\u00fc ki\u015filere aktarabilmektedir. Bu do\u011frultuda ES CAN TA\u015eIMACILIK, \u00d6zel Nitelikli Ki\u015fisel Verileri, yukar\u0131daki b\u00f6l\u00fcmde belirtilen i\u015fleme \u015fartlar\u0131ndan ve a\u015fa\u011f\u0131da belirtilen \u015fartlardan birinin varl\u0131\u011f\u0131 halinde \u00fc\u00e7\u00fcnc\u00fc ki\u015filere;<\/p>\n<ol>\n<li style=\"list-style-type: none;\">\n<ul>\n<li>\u0130lgili Ki\u015fi\u2019nin a\u00e7\u0131k r\u0131zas\u0131 var ise,<\/li>\n<li>Kanunlarda \u00d6zel Nitelikli Ki\u015fisel Veri\u2019nin aktar\u0131laca\u011f\u0131na ili\u015fkin a\u00e7\u0131k bir d\u00fczenleme var ise,<\/li>\n<li>\u0130lgili Ki\u015fi\u2019nin veya ba\u015fkas\u0131n\u0131n hayat\u0131 veya beden b\u00fct\u00fcnl\u00fc\u011f\u00fcn\u00fcn korunmas\u0131 i\u00e7in zorunlu ise ve \u0130lgili Ki\u015fi fiili imk\u00e2ns\u0131zl\u0131k nedeniyle r\u0131zas\u0131n\u0131 a\u00e7\u0131klayamayacak durumda ise veya r\u0131zas\u0131na hukuki ge\u00e7erlilik tan\u0131nm\u0131yorsa;<\/li>\n<li>Bir s\u00f6zle\u015fmenin kurulmas\u0131 veya ifas\u0131yla do\u011frudan do\u011fruya ilgili olmak kayd\u0131yla s\u00f6zle\u015fmenin taraflar\u0131na ait ki\u015fisel verinin aktar\u0131lmas\u0131 gerekli ise,<\/li>\n<li>ES CAN TA\u015eIMACILIK\u2019\u0131n hukuki y\u00fck\u00fcml\u00fcl\u00fc\u011f\u00fcn\u00fc yerine getirmesi i\u00e7in ki\u015fisel veri aktar\u0131m\u0131 zorunlu ise,<\/li>\n<li>\u00d6zel Nitelikli Ki\u015fisel Veriler, \u0130lgili Ki\u015fi taraf\u0131ndan alenile\u015ftirilmi\u015f ise,<\/li>\n<li>\u00d6zel Nitelikli Ki\u015fisel Veri aktar\u0131m\u0131 bir hakk\u0131n tesisi, kullan\u0131lmas\u0131 veya korunmas\u0131 i\u00e7in zorunlu ise,<\/li>\n<li>\u0130lgili Ki\u015fi\u2019nin temel hak ve \u00f6zg\u00fcrl\u00fcklerine zarar vermemek kayd\u0131yla, ES CAN TA\u015eIMACILIK\u2019\u0131n me\u015fru menfaatleri i\u00e7in ki\u015fisel veri aktar\u0131m\u0131 zorunlu ise aktar\u0131labilecektir.<\/li>\n<\/ul>\n<\/li>\n<\/ol>\n","protected":false},"excerpt":{"rendered":"<p>KAPSAMI VE TANIMLAR 6698 Say\u0131l\u0131 Ki\u015fisel Verilerin Korunmas\u0131 Kanunu\u2019nun (\u201cKANUN\u201d) 6. maddesinde, hukuka ayk\u0131r\u0131 olarak i\u015flendi\u011finde ki\u015filerin ma\u011fduriyetine veya ayr\u0131mc\u0131l\u0131\u011fa sebep olma riski ta\u015f\u0131yan bir tak\u0131m<span class=\"excerpt-hellip\"> [\u2026]<\/span><\/p>\n","protected":false},"author":1,"featured_media":0,"parent":0,"menu_order":0,"comment_status":"closed","ping_status":"open","template":"","meta":[],"_links":{"self":[{"href":"https:\/\/escanturizm.com\/index.php\/wp-json\/wp\/v2\/pages\/157"}],"collection":[{"href":"https:\/\/escanturizm.com\/index.php\/wp-json\/wp\/v2\/pages"}],"about":[{"href":"https:\/\/escanturizm.com\/index.php\/wp-json\/wp\/v2\/types\/page"}],"author":[{"embeddable":true,"href":"https:\/\/escanturizm.com\/index.php\/wp-json\/wp\/v2\/users\/1"}],"replies":[{"embeddable":true,"href":"https:\/\/escanturizm.com\/index.php\/wp-json\/wp\/v2\/comments?post=157"}],"version-history":[{"count":2,"href":"https:\/\/escanturizm.com\/index.php\/wp-json\/wp\/v2\/pages\/157\/revisions"}],"predecessor-version":[{"id":159,"href":"https:\/\/escanturizm.com\/index.php\/wp-json\/wp\/v2\/pages\/157\/revisions\/159"}],"wp:attachment":[{"href":"https:\/\/escanturizm.com\/index.php\/wp-json\/wp\/v2\/media?parent=157"}],"curies":[{"name":"wp","href":"https:\/\/api.w.org\/{rel}","templated":true}]}}