{"id":185,"date":"2021-04-27T17:44:46","date_gmt":"2021-04-27T17:44:46","guid":{"rendered":"https:\/\/escanturizm.com\/?page_id=185"},"modified":"2021-04-27T17:46:01","modified_gmt":"2021-04-27T17:46:01","slug":"ogrenci-servis-tasimaciligi","status":"publish","type":"page","link":"https:\/\/escanturizm.com\/index.php\/ogrenci-servis-tasimaciligi\/","title":{"rendered":"\u00d6\u011eRENC\u0130 SERV\u0130S TA\u015eIMACILI\u011eI"},"content":{"rendered":"<h2 style=\"text-align: center;\"><strong><u>\u00d6\u011eRENC\u0130 SERV\u0130S TA\u015eIMACILI\u011eI<\/u><\/strong><\/h2>\n<p>&nbsp;<\/p>\n<p><strong>Escan Turizm olarak, \u00e7ocuklar\u0131m\u0131z\u0131n g\u00fcven i\u00e7inde ve konforlu bir bi\u00e7imde ula\u015f\u0131mlar\u0131n\u0131 sa\u011flamak i\u00e7in olu\u015fturulan servis a\u011f\u0131nda;<\/strong><\/p>\n<ul>\n<li><strong>Yasal mevzuatlar gere\u011fince d\u00fczenlenen \u00f6zel donan\u0131ml\u0131 servis ara\u00e7lar\u0131 ile hizmet vermekteyiz.<\/strong><\/li>\n<li><strong>\u00d6\u011frencilerimiz i\u00e7in temiz ve sa\u011fl\u0131kl\u0131 ula\u015f\u0131m\u0131n sa\u011fland\u0131\u011f\u0131 d\u00fczenli ila\u00e7lama ve temizlikleri yap\u0131lan servis ara\u00e7lar\u0131 g\u00f6rev almaktad\u0131r.<\/strong><\/li>\n<li><strong>Her t\u00fcrl\u00fc yasal izin ve sigorta kapsam\u0131nda hizmet sunulmaktad\u0131r.<\/strong><\/li>\n<li><strong>Velilerimizin \u00e7ocuklar\u0131n\u0131n g\u00fcvenle ula\u015f\u0131mlar\u0131n\u0131 takip edecekleri ara\u00e7 takip sistemleri hizmeti sunulmaktad\u0131r.<\/strong><\/li>\n<li><strong>\u00d6\u011frencilerin g\u00fcvenle seyahat etmelerine yard\u0131mc\u0131 uzman hostes personeller g\u00f6revlendirilmektedir.<\/strong><\/li>\n<\/ul>\n","protected":false},"excerpt":{"rendered":"<p>\u00d6\u011eRENC\u0130 SERV\u0130S TA\u015eIMACILI\u011eI &nbsp; Escan Turizm olarak, \u00e7ocuklar\u0131m\u0131z\u0131n g\u00fcven i\u00e7inde ve konforlu bir bi\u00e7imde ula\u015f\u0131mlar\u0131n\u0131 sa\u011flamak i\u00e7in olu\u015fturulan servis a\u011f\u0131nda; Yasal mevzuatlar gere\u011fince d\u00fczenlenen \u00f6zel donan\u0131ml\u0131<span class=\"excerpt-hellip\"> [\u2026]<\/span><\/p>\n","protected":false},"author":1,"featured_media":0,"parent":0,"menu_order":0,"comment_status":"closed","ping_status":"open","template":"","meta":[],"_links":{"self":[{"href":"https:\/\/escanturizm.com\/index.php\/wp-json\/wp\/v2\/pages\/185"}],"collection":[{"href":"https:\/\/escanturizm.com\/index.php\/wp-json\/wp\/v2\/pages"}],"about":[{"href":"https:\/\/escanturizm.com\/index.php\/wp-json\/wp\/v2\/types\/page"}],"author":[{"embeddable":true,"href":"https:\/\/escanturizm.com\/index.php\/wp-json\/wp\/v2\/users\/1"}],"replies":[{"embeddable":true,"href":"https:\/\/escanturizm.com\/index.php\/wp-json\/wp\/v2\/comments?post=185"}],"version-history":[{"count":2,"href":"https:\/\/escanturizm.com\/index.php\/wp-json\/wp\/v2\/pages\/185\/revisions"}],"predecessor-version":[{"id":187,"href":"https:\/\/escanturizm.com\/index.php\/wp-json\/wp\/v2\/pages\/185\/revisions\/187"}],"wp:attachment":[{"href":"https:\/\/escanturizm.com\/index.php\/wp-json\/wp\/v2\/media?parent=185"}],"curies":[{"name":"wp","href":"https:\/\/api.w.org\/{rel}","templated":true}]}}