{"id":191,"date":"2021-04-27T17:52:07","date_gmt":"2021-04-27T17:52:07","guid":{"rendered":"https:\/\/escanturizm.com\/?page_id=191"},"modified":"2021-04-27T17:52:07","modified_gmt":"2021-04-27T17:52:07","slug":"seminer-ve-toplantilar-icin-servis-transfer-hizmeti","status":"publish","type":"page","link":"https:\/\/escanturizm.com\/index.php\/seminer-ve-toplantilar-icin-servis-transfer-hizmeti\/","title":{"rendered":"SEM\u0130NER VE TOPLANTILAR \u0130\u00c7\u0130N SERV\u0130S TRANSFER H\u0130ZMET\u0130"},"content":{"rendered":"<h2 style=\"text-align: center;\"><strong><u>SEM\u0130NER VE TOPLANTILAR \u0130\u00c7\u0130N SERV\u0130S TRANSFER H\u0130ZMET\u0130<\/u><\/strong><\/h2>\n<p>&nbsp;<\/p>\n<p><strong>Kongre ve seminer organizasyonlar\u0131n\u0131n en \u00f6nemli temel ta\u015flar\u0131ndan birisi, gelen misafirlerinizin do\u011fru yere do\u011fru zamanda iletilmesini sa\u011flamakt\u0131r.<\/strong><\/p>\n<p><strong>Escan Turizm olarak, donan\u0131ml\u0131 s\u00fcr\u00fcc\u00fc ve konforlu ara\u00e7lar\u0131m\u0131zla misafirleriniz bize emanet.<\/strong><\/p>\n<p>&nbsp;<\/p>\n<p>&nbsp;<\/p>\n","protected":false},"excerpt":{"rendered":"<p>SEM\u0130NER VE TOPLANTILAR \u0130\u00c7\u0130N SERV\u0130S TRANSFER H\u0130ZMET\u0130 &nbsp; Kongre ve seminer organizasyonlar\u0131n\u0131n en \u00f6nemli temel ta\u015flar\u0131ndan birisi, gelen misafirlerinizin do\u011fru yere do\u011fru zamanda iletilmesini sa\u011flamakt\u0131r. Escan<span class=\"excerpt-hellip\"> [\u2026]<\/span><\/p>\n","protected":false},"author":1,"featured_media":0,"parent":0,"menu_order":0,"comment_status":"closed","ping_status":"open","template":"","meta":[],"_links":{"self":[{"href":"https:\/\/escanturizm.com\/index.php\/wp-json\/wp\/v2\/pages\/191"}],"collection":[{"href":"https:\/\/escanturizm.com\/index.php\/wp-json\/wp\/v2\/pages"}],"about":[{"href":"https:\/\/escanturizm.com\/index.php\/wp-json\/wp\/v2\/types\/page"}],"author":[{"embeddable":true,"href":"https:\/\/escanturizm.com\/index.php\/wp-json\/wp\/v2\/users\/1"}],"replies":[{"embeddable":true,"href":"https:\/\/escanturizm.com\/index.php\/wp-json\/wp\/v2\/comments?post=191"}],"version-history":[{"count":1,"href":"https:\/\/escanturizm.com\/index.php\/wp-json\/wp\/v2\/pages\/191\/revisions"}],"predecessor-version":[{"id":192,"href":"https:\/\/escanturizm.com\/index.php\/wp-json\/wp\/v2\/pages\/191\/revisions\/192"}],"wp:attachment":[{"href":"https:\/\/escanturizm.com\/index.php\/wp-json\/wp\/v2\/media?parent=191"}],"curies":[{"name":"wp","href":"https:\/\/api.w.org\/{rel}","templated":true}]}}